{"id":223978,"date":"2022-07-13T10:28:46","date_gmt":"2022-07-13T10:28:46","guid":{"rendered":"http:\/\/beta.alt3arquitectura.com\/?page_id=223978"},"modified":"2022-07-13T10:35:26","modified_gmt":"2022-07-13T10:35:26","slug":"proteccion-de-datos_basic","status":"publish","type":"page","link":"http:\/\/beta.alt3arquitectura.com\/index.php\/proteccion-de-datos_basic\/","title":{"rendered":"Protecci\u00f3n de datos"},"content":{"rendered":"\n[et_pb_section fb_built=\u00bb1&#8243; admin_label=\u00bbServices\u00bb _builder_version=\u00bb4.16&#8243; background_color=\u00bb#121212&#8243; custom_margin=\u00bb||-3px|||\u00bb custom_padding=\u00bb98px|0px|0px|0px||\u00bb global_colors_info=\u00bb{}\u00bb][et_pb_row _builder_version=\u00bb4.17.5&#8243; _module_preset=\u00bbdefault\u00bb hover_enabled=\u00bb0&#8243; global_colors_info=\u00bb{}\u00bb custom_padding=\u00bb26px||319px|||\u00bb sticky_enabled=\u00bb0&#8243;][et_pb_column type=\u00bb4_4&#8243; _builder_version=\u00bb4.17.5&#8243; _module_preset=\u00bbdefault\u00bb hover_enabled=\u00bb0&#8243; global_colors_info=\u00bb{}\u00bb sticky_enabled=\u00bb0&#8243;][et_pb_text _builder_version=\u00bb4.17.5&#8243; _module_preset=\u00bbdefault\u00bb custom_margin=\u00bb-70px|||||\u00bb hover_enabled=\u00bb0&#8243; global_colors_info=\u00bb{}\u00bb sticky_enabled=\u00bb0&#8243;]<p><span style=\"color: #ffffff;\">\u00a0<\/span><\/p>\n<table style=\"height: 584px;\">\n<tbody>\n<tr style=\"height: 24px;\">\n<td colspan=\"2\" style=\"height: 24px; width: 809.375px;\"><span style=\"color: #ffffff;\"><b>Informaci\u00f3n b\u00e1sica sobre Protecci\u00f3n de Datos<\/b><\/span><\/td>\n<\/tr>\n<tr style=\"height: 24px;\">\n<td style=\"height: 24px; width: 145.365px;\"><span style=\"color: #ffffff;\"><b><i>Responsable<\/i><\/b><\/span><\/td>\n<td style=\"height: 24px; width: 658.698px;\"><span style=\"font-weight: 400; color: #ffffff;\">ALT3 PISCINAS Y SPAS, S.L.<\/span><\/td>\n<\/tr>\n<tr style=\"height: 296px;\">\n<td style=\"height: 296px; width: 145.365px;\"><span style=\"color: #ffffff;\"><b><i>Finalidad<\/i><\/b><\/span><\/td>\n<td style=\"height: 296px; width: 658.698px;\">\n<p><span style=\"font-weight: 400; color: #ffffff;\">Tramitar encargos, solicitudes o cualquier tipo de petici\u00f3n que sea realizada por el usuario a trav\u00e9s de cualquiera de las formas de contacto que se ponen a su disposici\u00f3n.<\/span><\/p>\n<p><span style=\"font-weight: 400; color: #ffffff;\">Con el consentimiento previo del interesado, remisi\u00f3n de comunicaciones comerciales publicitarias por email, comunidades sociales o cualquier otro medio electr\u00f3nico o f\u00edsico, presente o futuro.<\/span><\/p>\n<p><span style=\"font-weight: 400; color: #ffffff;\">Gesti\u00f3n comercial y administrativa de clientes y proveedores.<\/span><\/p>\n<p><span style=\"font-weight: 400; color: #ffffff;\">Valorar y gestionar, en su caso, su curriculum vitae para procesos de selecci\u00f3n que se adapten a su perfil profesional y llevar a cabo las actuaciones necesarias para la selecci\u00f3n y contrataci\u00f3n de personal.<\/span><\/p>\n<\/td>\n<\/tr>\n<tr style=\"height: 120px;\">\n<td style=\"height: 120px; width: 145.365px;\"><span style=\"color: #ffffff;\"><b><i>Legitimaci\u00f3n<\/i><\/b><\/span><\/td>\n<td style=\"height: 120px; width: 658.698px;\">\n<p><span style=\"font-weight: 400; color: #ffffff;\">El consentimiento que nos ha prestado el interesado para tratar sus datos con las finalidades indicadas.\u00a0<\/span><\/p>\n<p><span style=\"font-weight: 400; color: #ffffff;\">El cumplimiento con las obligaciones legales que se nos aplican.\u00a0<\/span><\/p>\n<\/td>\n<\/tr>\n<tr style=\"height: 24px;\">\n<td style=\"height: 24px; width: 145.365px;\"><span style=\"color: #ffffff;\"><b><i>Destinatarios<\/i><\/b><\/span><\/td>\n<td style=\"height: 24px; width: 658.698px;\"><span style=\"font-weight: 400; color: #ffffff;\">No se ceder\u00e1n datos a otros terceros, salvo obligaci\u00f3n legal.<\/span><\/td>\n<\/tr>\n<tr style=\"height: 48px;\">\n<td style=\"height: 48px; width: 145.365px;\"><span style=\"color: #ffffff;\"><b><i>Derechos<\/i><\/b><\/span><\/td>\n<td style=\"height: 48px; width: 658.698px;\"><span style=\"font-weight: 400; color: #ffffff;\">Tiene derecho a acceder, rectificar y suprimir los datos, as\u00ed como otros derechos, como se explica en la informaci\u00f3n adicional.<\/span><\/td>\n<\/tr>\n<tr style=\"height: 48px;\">\n<td style=\"height: 48px; width: 145.365px;\"><span style=\"color: #ffffff;\"><b><i>Informaci\u00f3n adicional<\/i><\/b><\/span><\/td>\n<td style=\"height: 48px; width: 658.698px;\"><span style=\"color: #ffffff;\"><span style=\"font-weight: 400;\">Puede consultar la informaci\u00f3n adicional y detallada sobre nuestra Pol\u00edtica de Protecci\u00f3n de Datos, pulsando <\/span><a href=\"http:\/\/beta.alt3arquitectura.com\/index.php\/proteccion-de-datos\/\"><b>+info<\/b><\/a><\/span><\/td>\n<\/tr>\n<\/tbody>\n<\/table>\n<p><span style=\"color: #ffffff;\">\u00a0<\/span><\/p>[\/et_pb_text][\/et_pb_column][\/et_pb_row][\/et_pb_section]\n","protected":false},"excerpt":{"rendered":"<p>\u00a0 Informaci\u00f3n b\u00e1sica sobre Protecci\u00f3n de Datos Responsable ALT3 PISCINAS Y SPAS, S.L. Finalidad Tramitar encargos, solicitudes o cualquier tipo de petici\u00f3n que sea realizada por el usuario a trav\u00e9s de cualquiera de las formas de contacto que se ponen a su disposici\u00f3n. Con el consentimiento previo del interesado, remisi\u00f3n de comunicaciones comerciales publicitarias por [&hellip;]<\/p>\n","protected":false},"author":1,"featured_media":0,"parent":0,"menu_order":0,"comment_status":"closed","ping_status":"closed","template":"","meta":{"_et_pb_use_builder":"on","_et_pb_old_content":"","_et_gb_content_width":""},"_links":{"self":[{"href":"http:\/\/beta.alt3arquitectura.com\/index.php\/wp-json\/wp\/v2\/pages\/223978"}],"collection":[{"href":"http:\/\/beta.alt3arquitectura.com\/index.php\/wp-json\/wp\/v2\/pages"}],"about":[{"href":"http:\/\/beta.alt3arquitectura.com\/index.php\/wp-json\/wp\/v2\/types\/page"}],"author":[{"embeddable":true,"href":"http:\/\/beta.alt3arquitectura.com\/index.php\/wp-json\/wp\/v2\/users\/1"}],"replies":[{"embeddable":true,"href":"http:\/\/beta.alt3arquitectura.com\/index.php\/wp-json\/wp\/v2\/comments?post=223978"}],"version-history":[{"count":2,"href":"http:\/\/beta.alt3arquitectura.com\/index.php\/wp-json\/wp\/v2\/pages\/223978\/revisions"}],"predecessor-version":[{"id":223981,"href":"http:\/\/beta.alt3arquitectura.com\/index.php\/wp-json\/wp\/v2\/pages\/223978\/revisions\/223981"}],"wp:attachment":[{"href":"http:\/\/beta.alt3arquitectura.com\/index.php\/wp-json\/wp\/v2\/media?parent=223978"}],"curies":[{"name":"wp","href":"https:\/\/api.w.org\/{rel}","templated":true}]}}